thousands digit of 5453743692?
7
What is the thousands digit of 18878816?
8
What is the units digit of 683030344?
4
What is the ten thousands digit of 2423297374?
9
What is the millions digit of 21198208?
1
What is the hundred millions digit of 247934411?
2
What is the hundreds digit of 2463341194?
1
What is the hundreds digit of 151261824?
8
What is the hundred millions digit of 2020770640?
0
What is the units digit of 183565577?
7
What is the ten millions digit of 1695892237?
9
What is the units digit of 191002627?
7
What is the thousands digit of 70301352?
1
What is the tens digit of 672973?
7
What is the tens digit of 52884948?
4
What is the tens digit of 4221887788?
8
What is the ten millions digit of 54719726?
5
What is the billions digit of 1809072830?
1
What is the hundred millions digit of 110163971?
1
What is the hundred millions digit of 4304666437?
3
What is the hundred millions digit of 205953542?
2
What is the ten thousands digit of 2689381652?
8
What is the millions digit of 100118267?
0
What is the hundred thousands digit of 3444910003?
9
What is the units digit of 999433060?
0
What is the tens digit of 583440807?
0
What is the hundreds digit of 150252992?
9
What is the hundreds digit of 184612461?
4
What is the tens digit of 164364462?
6
What is the tens digit of 149319164?
6
What is the thousands digit of 247314852?
4
What is the ten millions digit of 10487240?
1
What is the units digit of 315156337?
7
What is the hundred thousands digit of 2768451808?
4
What is the millions digit of 74154181?
4
What is the units digit of 47629239?
9
What is the units digit of 34111265?
5
What is the ten thousands digit of 194213713?
1
What is the hundred thousands digit of 1093944294?
9
What is the units digit of 332544453?
3
What is the ten millions digit of 36534500?
3
What is the ten millions digit of 3134547344?
3
What is the ten thousands digit of 452743851?
4
What is the hundreds digit of 1192237263?
2
What is the ten millions digit of 91402268?
9
What is the thousands digit of 13087515?
7
What is the units digit of 1317873041?
1
What is the units digit of 3451399?
9
What is the tens digit of 15853758?
5
What is the hundred millions digit of 586256966?
5
What is the hundred millions digit of 415951460?
4
What is the ten thousands digit of 53234139?
3
What is the units digit of 446788529?
9
What is the ten millions digit of 117100053?
1
What is the tens digit of 1415134885?
8
What is the ten millions digit of 704947629?
0
What is the hundreds digit of 7044478?
4
What is the tens digit of 2562386016?
1
What is the tens digit of 1371445561?
6
What is the ten thousands digit of 45702064?
0
What is the millions digit of 58701466?
8
What is the tens digit of 30538244?
4
What is the tens digit of 62920946?
4
What is the thousands digit of 170890454?
0
What is the millions digit of 143396721?
3
What is the thousands digit of 105505558?
5
What is the thousands digit of 195562292?
2
What is the ten millions digit of 717716440?
1
What is the ten millions digit of 175618131?
7
What is the millions digit of 27309494?
7
What is the hundreds digit of 804736943?
9
What is the units digit of 2328826472?
2
What is the hundreds digit of 66324464?
4
What is the billions digit of 1286616942?
1
What is the tens digit of 54068646?
4
What is the hundred thousands digit of 146607762?
6
What is the units digit of 1909590437?
7
What is the ten thousands digit of 327844553?
4
What is the hundreds digit of 185633287?
2
What is the units digit of 4884950731?
1
What is the thousands digit of 35943957?
3
What is the units digit of 152837563?
3
What is the units digit of 564958759?
9
What is the hundreds digit of 227148788?
7
What is the ten thousands digit of 40625007?
2
What is the millions digit of 806332087?
6
What is the units digit of 287768784?
4
What is the tens digit of 24136921?
2
What is the hundreds digit of 95982252?
2
What is the hundreds digit of 18344656?
6
What is the thousands digit of 2050758262?
8
What is the thousands digit of 459708946?
8
What is the tens digit of 182179849?
4
What is the millions digit of 3337350684?
7
What is the hundreds digit of 3564430730?
7
What is the tens digit of 115149283?
8
What is the millions digit of 1264759?
1
What is the millions digit of 10819049?
0
What is the hundreds digit of 496633214?
2
What is the thousands digit of 349113399?
3
What is the thousands digit of 378692259?
2
What is the millions digit of 41562375?
1
What is the millions digit of 35587752?
5
What is the billions digit of 2532467456?
2
What is the millions digit of 84089393?
4
What is the tens digit of 2494895753?
5
What is the hundreds digit of 35450941?
9
What is the tens digit of 91234642?
4
What is the ten millions digit of 798930706?
9
What is the hundreds digit of 183299187?
1
What is the units digit of 21773513?
3
What is the thousands digit of 39390362?
0
What is the thousands digit of 6041477945?
7
What is the ten millions digit of 263456123?
6
What is the thousands digit of 70730755?
0
What is the tens digit of 1115703640?
4
What is the tens digit of 480236368?
6
What is the tens digit of 20094871?
7
What is the hundred thousands digit of 764683755?
6
What is the units digit of 1710573?
3
What is the thousands digit of 2047510047?
0
What is the hundred millions digit of 2257338508?
2
What is the millions digit of 65882699?
5
What is the units digit of 77832057?
7
What is the tens digit of 48433743?
4
What is the units digit of 9810543?
3
What is the units digit of 226488668?
8
What is the units digit of 1417940755?
5
What is the hundreds digit of 546096361?
3
What is the ten thousands digit of 459989283?
8
What is the thousands digit of 225368152?
8
What is the ten millions digit of 46230947?
4
What is the units digit of 189675777?
7
What is the ten thousands digit of 88654811?
5
What is the hundred millions digit of 1215520476?
2
What is the ten thousands digit of 116511861?
1
What is the hundred thousands digit of 1155710296?
7
What is the units digit of 4036259483?
3
What is the ten millions digit of 251592378?
5
What is the units digit of 56560179?
9
What is the hundred millions digit of 198752834?
1
What is the hundreds digit of 203805236?
2
What is the hundred thousands digit of 68694957?
6
What is the hundred thousands digit of 694403584?
4
What is the tens digit of 100470122?
2
What is the billions digit of 3290696741?
3
What is the units digit of 2246038337?
7
What is the tens digit of 1360600424?
2
What is the thousands digit of 23660932?
0
What is the hundreds digit of 635376877?
8
What is the hundred thousands digit of 128484899?
4
What is the hundreds digit of 103729909?
9
What is the tens digit of 69896854?
5
What is the hundred thousands digit of 72471873?
4
What is the hundreds digit of 396796174?
1
What is the hundred thousands digit of 149264222?
2
What is the hundreds digit of 38447959?
9
What is the billions digit of 1462471385?
1
What is the tens digit of 827459831?
3
What is the millions digit of 635376758?
5
What is the billions digit of 1666979068?
1
What is the ten millions digit of 45111646?
4
What is the hundred millions digit of 120828558?
1
What is the ten millions digit of 26285503?
2
What is the ten thousands digit of 80901001?
0
What is the tens digit of 213558100?
0
What is the hundred thousands digit of 405034736?
0
What is the hundreds digit of 562912986?
9
What is the ten thousands digit of 67962550?
6
What is the thousands digit of 132708415?
8
What is the millions digit of 267983369?
7
What is the ten thousands digit of 164538509?
3
What is the millions digit of 206697233?
6
What is the units digit of 330704580?
0
What is the units digit of 6671796266?
6
What is the thousands digit of 28442398?
2
What is the hundred thousands digit of 7049416103?
4
What is the hundred thousands digit of 85272015?
2
What is the units digit of 590648177?
7
What is the ten millions digit of 1294545345?
9
What is the tens digit of 201204204?
0
What is the hundred thousands digit of 140231658?
2
What is the millions digit of 767830905?
7
What is the billions digit of 1208515849?
1
What is the tens digit of 42987578?
7
What is the thousands digit of 151051825?
1
What is the hundred millions digit of 850591790?
8
Wha